False
Is 167 a factor of 3069586104?
False
Is 7316 a factor of 84291803?
False
Is 126155359 a multiple of 2?
False
Is 188050146 a multiple of 214?
True
Does 33 divide 409655370?
False
Is 2021126640 a multiple of 60?
True
Is 4837169901 a multiple of 31?
False
Does 31 divide 1730958206?
False
Is 4623 a factor of 579497673?
True
Is 316006590 a multiple of 10?
True
Is 52861518 a multiple of 27?
True
Does 224 divide 1290974048?
True
Is 362076871 a multiple of 67?
False
Is 885806152 a multiple of 631?
False
Is 4764194 a multiple of 16?
False
Is 517 a factor of 603959179?
False
Is 23399750 a multiple of 335?
True
Is 5 a factor of 30023757?
False
Is 181760467 a multiple of 161?
True
Is 10 a factor of 149573808?
False
Is 16 a factor of 209677551?
False
Is 17863669 a multiple of 3?
False
Does 2081 divide 989292833?
True
Does 1829 divide 2456347?
True
Does 8 divide 1832187652?
False
Is 5 a factor of 1064202?
False
Is 52 a factor of 590374097?
False
Does 4825 divide 89947650?
True
Is 5512 a factor of 910229632?
True
Does 219 divide 353474297?
False
Is 577053214 a multiple of 4827?
False
Is 16588437 even?
False
Is 3430 a factor of 82084424?
False
Does 69 divide 28484649?
True
Is 5086380 a multiple of 60?
True
Does 34 divide 37694508?
True
Is 35243544 a multiple of 15?
False
Does 49 divide 165565942?
False
Is 125 a factor of 15597843?
False
Is 2625230964 a multiple of 876?
True
Is 837 a factor of 162987079?
False
Is 168846881 a multiple of 127?
True
Is 1525 a factor of 6065138?
False
Is 4480488 a multiple of 24?
True
Is 261305978 a multiple of 2?
True
Is 28 a factor of 22114667?
False
Does 46 divide 6439005?
False
Does 635 divide 4005109250?
False
Is 598013144 a multiple of 8?
True
Is 2343207602 a multiple of 62?
True
Is 79 a factor of 26218904?
False
Is 2396 a factor of 207409740?
True
Is 91745192 a multiple of 136?
True
Is 34974987 a multiple of 13?
False
Is 14436448 a multiple of 4?
True
Does 9 divide 176548365?
True
Is 157 a factor of 16790679?
True
Is 11039780 a multiple of 1981?
False
Is 263 a factor of 176626855?
True
Does 19 divide 5486251?
False
Does 63 divide 71986697?
False
Is 14 a factor of 58099007?
False
Is 165 a factor of 462470580?
True
Does 672 divide 53827193?
False
Is 32002672 a multiple of 26?
True
Is 27949195 a multiple of 915?
False
Is 28434051 a multiple of 6?
False
Is 37 a factor of 22732805?
False
Is 471 a factor of 3023753?
False
Is 369 a factor of 11921565?
False
Does 234 divide 67922946?
True
Is 4 a factor of 657617884?
True
Is 5 a factor of 8113870?
True
Is 8 a factor of 71558509?
False
Is 20 a factor of 649972760?
True
Is 2857 a factor of 110957309?
True
Is 36655000 a multiple of 100?
True
Does 28 divide 7306516?
True
Is 10 a factor of 29574949?
False
Does 4 divide 165642212?
True
Does 35 divide 54976168?
False
Is 56 a factor of 246938682?
False
Is 876 a factor of 32007288?
True
Is 587371074 a multiple of 1085?
False
Is 19 a factor of 93108706?
False
Does 8 divide 10684200?
True
Does 283 divide 53392195?
True
Does 188 divide 3902663533?
False
Is 2120 a factor of 47023720?
True
Is 2971213080 a multiple of 11220?
True
Does 1033 divide 1738396446?
True
Is 53 a factor of 211618612?
True
Does 185 divide 4154811955?
True
Does 262 divide 87938128?
False
Is 325035855 a multiple of 1467?
True
Does 362 divide 8179666?
False
Does 15 divide 82437191?
False
Is 260 a factor of 196756398?
False
Is 32 a factor of 4057152?
True
Does 110 divide 258643197?
False
Does 6 divide 627705803?
False
Is 595 a factor of 12824314?
False
Is 289 a factor of 98852619?
False
Does 153 divide 3442415850?
True
Does 104 divide 203015800?
True
Is 996015796 a multiple of 73?
True
Is 37059890 a multiple of 1379?
False
Does 6533 divide 839076732?
False
Is 28 a factor of 157174977?
False
Does 448 divide 375054946?
False
Is 106 a factor of 71500922?
True
Is 22664843 a multiple of 29?
False
Is 20 a factor of 1413979400?
True
Is 945 a factor of 587261745?
True
Is 203 a factor of 703669348?
False
Is 4848971 a multiple of 97?
False
Is 1623325200 a multiple of 10430?
True
Does 1669 divide 309398395?
False
Is 61 a factor of 2998394?
True
Is 98952701 a multiple of 380?
False
Does 20 divide 74065487?
False
Is 757135260 a multiple of 1764?
True
Does 4416 divide 4795776?
True
Is 180563832 a multiple of 3238?
True
Does 8 divide 1597618?
False
Does 362 divide 17541796?
True
Does 148 divide 149345320?
True
Is 87 a factor of 55935635?
False
Does 5 divide 238242170?
True
Is 70 a factor of 6258780080?
True
Is 419601306 a multiple of 1529?
False
Is 5 a factor of 4513460?
True
Is 1950104318 a multiple of 15194?
True
Is 970045 a multiple of 2?
False
Is 594809430 a multiple of 255?
True
Is 215338090 a multiple of 3410?
True
Is 512254972 a multiple of 4?
True
Does 287 divide 38090353?
True
Does 135 divide 77595717?
False
Is 8 a factor of 180400624?
True
Does 50 divide 562746950?
True
Is 58 a factor of 472141003?
False
Does 13 divide 260521890?
False
Is 19 a factor of 36163802?
True
Does 5 divide 302379185?
True
Is 149998500 a multiple of 542?
True
Does 24 divide 30674430?
False
Is 44 a factor of 24418636?
True
Is 3498352 a multiple of 16?
True
Is 6 a factor of 7361184?
True
Does 8 divide 155343856?
True
Is 148689989 a multiple of 203?
True
Is 45916492 a multiple of 11?
False
Is 59220720 a multiple of 3240?
True
Does 15 divide 464126925?
True
Does 2550 divide 68592220?
False
Does 129 divide 28861100?
False
Is 49746 a multiple of 3?
True
Is 139661592 a multiple of 1032?
True
Is 3749 a factor of 38198561?
True
Is 11580251 a multiple of 6?
False
Is 709 a factor of 5155139?
True
Does 6 divide 163296288?
True
Is 75 a factor of 170906499?
False
Is 350924432 a multiple of 584?
True
Is 3173344 a multiple of 64?
False
Is 545 a factor of 279287515?
False
Does 2 divide 164254448?
True
Is 211 a factor of 2834996?
True
Is 228029975 a multiple of 164?
False
Does 5 divide 123470?
True
Does 10 divide 2980639?
False
Is 108068835 a multiple of 1095?
True
Is 30600132 a multiple of 313?
True
Does 49 divide 37166892?
True
Is 268834608 a multiple of 24?
True
Does 6 divide 11042706?
True
Does 4 divide 397081631?
False
Is 5698890318 a multiple of 11?
True
Is 10 a factor of 262822500?
True
Is 544511424 a multiple of 32?
True
Is 8 a factor of 33268272?
True
Is 13745043 a multiple of 117?
True
Does 27 divide 674615871?
True
Is 202297860 a multiple of 12?
True
Is 2 a factor of 487340?
True
Is 68262361 a multiple of 1865?
False
Does 3 divide 241306073?
False
Is 142 a factor of 1782769956?
True
Is 83721600 a multiple of 304?
True
Is 324316564 a multiple of 52?
True
Is 135 a factor of 166119525?
True
Is 2040044 a multiple of 109?
True
Does 163 divide 17280866?
False
Does 43 divide 1206393812?
False
Is 880 a factor of 13263197?
False
Does 59 divide 37559425?
False
Does 91 divide 42886571?
True
Does 96 divide 788256?
True
Is 106636877 a multiple of 14?
False
Is 620404628 a multiple of 4562?
True
Does 3179 divide 143703516?
True
Is 677473506 a multiple of 1422?
True
Is 2985695604 a multiple of 5034?
True
Does 303 divide 122334112?
False
Does 56 divide 10362512?
False
Is 350308732 a multiple of 68?
True
Is 19 a factor of 75838063?
True
Is 497 a factor of 31631531?
False
Is 4628935454 a multiple of 175?
False
Does 91 divide 199815995?
False
Is 3532931 a multiple of 18?
False
Is 134051255 a multiple of 27?
False
Is 348801664 a multiple of 47?
True
Is 1043554730 a multiple of 3?
False
Is 13961247 a multiple of 16?
False
Is 1130 a factor of 259914512?
False
Is 272 a factor of 163785616?
True
Does 277 divide 103563098?
True
Does 331 divide 218415169?
False
Is 20790 a multiple of 54?
True
Is 232104071 a multiple of 1253?
False
Is 341 a factor of 34802460?
True
Is 41334402 a multiple of 1169?
False
Is 1065 a factor of 25228560?
False
Is 576870 a multiple of 134?
True
Does 21 divide 4991655?
False
Is 296360512 a multiple of 464?
True
Is 193243053 a multiple of 1085?
False
Does 30 divide 606668499?
False
Is 170 a factor of 71356650?
True
Is 52 a factor of 66881?
False
Is 15 a factor of 134472648?
False
Is 101227973 a multiple of 49?
True
Does 121 divide 444860251?
True
Is 27 a factor of 275797891?
False
Does 8 divide 1881567656?
True
Is 51337444 a multiple of 388?
True
Is 74749524 a multiple of 723?
True
Is 371 a factor of 458301